{"id":4257,"date":"2025-09-20T22:00:32","date_gmt":"2025-09-20T22:00:32","guid":{"rendered":"https:\/\/technosylva.com\/events\/prf26-foro-de-resiliencia-energetica\/"},"modified":"2025-12-01T22:11:44","modified_gmt":"2025-12-01T22:11:44","slug":"prf26-foro-de-resiliencia-energetica","status":"publish","type":"events","link":"https:\/\/technosylva.com\/es\/events\/prf26-foro-de-resiliencia-energetica\/","title":{"rendered":"PRF26 (Power Resilience Forum)"},"content":{"rendered":"<div data-technosylva-block  class=\"md:max-h-[940px] overflow-hidden hero-block\">\n\t<div class=\"hero grid grid-cols-1 aspect-square sm:aspect-[unset] max-w-[2000px] mx-auto\">\n\t\t\t\t\t<img decoding=\"async\" src=\"https:\/\/technosylva.com\/wp-content\/uploads\/2025\/08\/events-hero-scaled.jpg\" alt=\"\" class=\"col-start-1 col-span-1 row-start-1 object-cover h-full w-full\">\n\t\t\n\t\t<div class=\"container hero-content py-[80px] nav:py-[116px] col-start-1 row-start-1 col-span-1 grid items-center\">\n\t\t\t<div class=\"hero-content-inner space-y-8 md:space-y-0 md:grid items-center \">\n\t\t\t\t<div class=\"hero-body text-white space-y-8 col-span-2 items-center text-center md:px-40\">\n\t\t\t\t\t\n\t\t\t\t\t<div class=\"space-y-2\">\n\t\t\t\t\t\t\t\t\t\t\t\t\t<h4 class=\"heading--h6 font-bold text-yellow\">\n\t\t\t\t\t\t\t\tevento\t\t\t\t\t\t\t<\/h4>\n\t\t\t\t\t\t\n\t\t\t\t\t\t\t\t\t\t\t\t\t<h1 class=\"heading--h2 text-white font-bold leading-none\">PRF26<\/h1>\n\t\t\t\t\t\t\t\t\t\t\t<\/div>\n\n\t\t\t\t\t\n\t\t\t\t\t\t\t\t\t<\/div>\n\n\t\t\t\t\t\t\t<\/div>\n\t\t<\/div>\n\t<\/div>\n<\/div>\n\n\n<div data-technosylva-block  class=\"py-20 border-t border-border mt-12 additional-resources-block\">\n\t<div class=\"container space-y-12\">\n\t\t\t\t\t<h2 class=\"heading--h4 text-center\">Recursos adicionales<\/h2>\n\t\t\n\t\t\t\t\t<div class=\"space-y-4 text-center\">\n\t\t\t\t\t\t\t\t\t<div class=\"space-y-2 text-center\">\n\t\t\t\t\t\t\t\t\t\t\t\t\t<a href=\"https:\/\/technosylva.com\/es\/3-claves-para-evitar-la-catastrofe-natural-del-cisne-negro-de-manana\/\"\n\t\t\t\t\t\t\t\t class=\"text-action font-bold underline hover:text-text\">\n\t\t\t\t\t\t\t\t3 claves para evitar la cat\u00e1strofe natural del Cisne Negro del ma\u00f1ana\t\t\t\t\t\t\t<\/a>\n\t\t\t\t\t\t\t\t\t\t\t\t\t\t\t\t\t<\/div>\n\t\t\t\t\t\t\t\t\t<div class=\"space-y-2 text-center\">\n\t\t\t\t\t\t\t\t\t\t\t\t\t<a href=\"https:\/\/technosylva.com\/es\/6-pilares-de-la-resistencia-a-los-incendios-forestales-potenciar-las-decisiones-de-los-servicios-publicos-en-condiciones-meteorologicas-extremas\/\"\n\t\t\t\t\t\t\t\t class=\"text-action font-bold underline hover:text-text\">\n\t\t\t\t\t\t\t\t6 pilares de la resiliencia ante incendios forestales: potenciar las decisiones de las empresas el\u00e9ctricas en condiciones meteorol\u00f3gicas extremas\t\t\t\t\t\t\t<\/a>\n\t\t\t\t\t\t\t\t\t\t\t\t\t\t\t\t\t<\/div>\n\t\t\t\t\t\t\t<\/div>\n\t\t\t<\/div>\n<\/div>\n\n\n<div data-technosylva-block  class=\"max-w-[2000px] mx-auto prefooter-block bg-cream\">\n\t<div class=\"flex flex-col items-center relative container--narrow pb-[calc(15.625rem-125px)] pt-[15.625rem] min-h-[625px] justify-center text-center\">\n\t\t\t\t\t<div class=\"absolute top-0 left-[50%] -translate-x-1\/2 w-[259px]\">\n\t\t\t\t<img decoding=\"async\" src=\"https:\/\/technosylva.com\/wp-content\/uploads\/2025\/08\/TS_logo_icon.jpg\" alt=\"Technosylva icon\">\n\t\t\t<\/div>\n\t\t\n\t\t<div class=\"space-y-8 flex flex-col justify-center items-center h-full\">\n\t\t\t\t\t\t\t<h2 class=\"heading--h2 !font-normal\">Pong\u00e1monos en contacto<\/h2>\n\t\t\t\n\t\t\t\t\t\t\t<div class=\"space-y-4 max-w-prose\">\n\t\t\t\t\t<p>\u00bfPlaneas asistir al evento? Av\u00edsanos con antelaci\u00f3n para que podamos concertar una reuni\u00f3n, responder a tus preguntas y adaptar la conversaci\u00f3n a tus objetivos. <\/p>\n\t\t\t\t<\/div>\n\t\t\t\n\t\t\t\t\t\t\t<a href=\"https:\/\/technosylva.com\/es\/ponte-en-contacto-con\/\" class=\"btn btn--primary block\">Coordinemos una reuni\u00f3n<\/a>\n\t\t\t\t\t<\/div>\n\t<\/div>\n<\/div>\n\n\n\n<p><\/p>\n","protected":false},"menu_order":0,"template":"","meta":{"_acf_changed":true},"event-type":[66],"class_list":["post-4257","events","type-events","status-publish","hentry","event-type-industria-electrica"],"acf":[],"yoast_head":"<!-- This site is optimized with the Yoast SEO plugin v27.3 - https:\/\/yoast.com\/product\/yoast-seo-wordpress\/ -->\n<title>PRF26 (Power Resilience Forum) - Technosylva<\/title>\n<meta name=\"robots\" content=\"index, follow, max-snippet:-1, max-image-preview:large, max-video-preview:-1\" \/>\n<link rel=\"canonical\" href=\"https:\/\/technosylva.com\/es\/events\/prf26-foro-de-resiliencia-energetica\/\" \/>\n<meta name=\"twitter:card\" content=\"summary_large_image\" \/>\n<meta name=\"twitter:title\" content=\"PRF26 (Power Resilience Forum) - Technosylva\" \/>\n<meta name=\"twitter:site\" content=\"@technosylva\" \/>\n<meta name=\"twitter:label1\" content=\"Est. reading time\" \/>\n\t<meta name=\"twitter:data1\" content=\"2 minutos\" \/>\n<script type=\"application\/ld+json\" class=\"yoast-schema-graph\">{\"@context\":\"https:\\\/\\\/schema.org\",\"@graph\":[{\"@type\":\"WebPage\",\"@id\":\"https:\\\/\\\/technosylva.com\\\/es\\\/events\\\/prf26-foro-de-resiliencia-energetica\\\/\",\"url\":\"https:\\\/\\\/technosylva.com\\\/es\\\/events\\\/prf26-foro-de-resiliencia-energetica\\\/\",\"name\":\"PRF26 (Power Resilience Forum) - Technosylva\",\"isPartOf\":{\"@id\":\"https:\\\/\\\/technosylva.com\\\/es\\\/#website\"},\"datePublished\":\"2025-09-20T22:00:32+00:00\",\"dateModified\":\"2025-12-01T22:11:44+00:00\",\"breadcrumb\":{\"@id\":\"https:\\\/\\\/technosylva.com\\\/es\\\/events\\\/prf26-foro-de-resiliencia-energetica\\\/#breadcrumb\"},\"inLanguage\":\"es\",\"potentialAction\":[{\"@type\":\"ReadAction\",\"target\":[\"https:\\\/\\\/technosylva.com\\\/es\\\/events\\\/prf26-foro-de-resiliencia-energetica\\\/\"]}]},{\"@type\":\"BreadcrumbList\",\"@id\":\"https:\\\/\\\/technosylva.com\\\/es\\\/events\\\/prf26-foro-de-resiliencia-energetica\\\/#breadcrumb\",\"itemListElement\":[{\"@type\":\"ListItem\",\"position\":1,\"name\":\"Home\",\"item\":\"https:\\\/\\\/technosylva.com\\\/es\\\/\"},{\"@type\":\"ListItem\",\"position\":2,\"name\":\"PRF26 (Power Resilience Forum)\"}]},{\"@type\":\"WebSite\",\"@id\":\"https:\\\/\\\/technosylva.com\\\/es\\\/#website\",\"url\":\"https:\\\/\\\/technosylva.com\\\/es\\\/\",\"name\":\"Technosylva\",\"description\":\"\",\"publisher\":{\"@id\":\"https:\\\/\\\/technosylva.com\\\/es\\\/#organization\"},\"potentialAction\":[{\"@type\":\"SearchAction\",\"target\":{\"@type\":\"EntryPoint\",\"urlTemplate\":\"https:\\\/\\\/technosylva.com\\\/es\\\/?s={search_term_string}\"},\"query-input\":{\"@type\":\"PropertyValueSpecification\",\"valueRequired\":true,\"valueName\":\"search_term_string\"}}],\"inLanguage\":\"es\"},{\"@type\":\"Organization\",\"@id\":\"https:\\\/\\\/technosylva.com\\\/es\\\/#organization\",\"name\":\"Technosylva\",\"url\":\"https:\\\/\\\/technosylva.com\\\/es\\\/\",\"logo\":{\"@type\":\"ImageObject\",\"inLanguage\":\"es\",\"@id\":\"https:\\\/\\\/technosylva.com\\\/es\\\/#\\\/schema\\\/logo\\\/image\\\/\",\"url\":\"https:\\\/\\\/technosylva.com\\\/wp-content\\\/uploads\\\/2025\\\/08\\\/logo.svg\",\"contentUrl\":\"https:\\\/\\\/technosylva.com\\\/wp-content\\\/uploads\\\/2025\\\/08\\\/logo.svg\",\"width\":1,\"height\":1,\"caption\":\"Technosylva\"},\"image\":{\"@id\":\"https:\\\/\\\/technosylva.com\\\/es\\\/#\\\/schema\\\/logo\\\/image\\\/\"},\"sameAs\":[\"https:\\\/\\\/x.com\\\/technosylva\",\"https:\\\/\\\/www.linkedin.com\\\/company\\\/technosylva\"]}]}<\/script>\n<!-- \/ Yoast SEO plugin. -->","yoast_head_json":{"title":"PRF26 (Power Resilience Forum) - Technosylva","robots":{"index":"index","follow":"follow","max-snippet":"max-snippet:-1","max-image-preview":"max-image-preview:large","max-video-preview":"max-video-preview:-1"},"canonical":"https:\/\/technosylva.com\/es\/events\/prf26-foro-de-resiliencia-energetica\/","twitter_card":"summary_large_image","twitter_title":"PRF26 (Power Resilience Forum) - Technosylva","twitter_site":"@technosylva","twitter_misc":{"Est. reading time":"2 minutos"},"schema":{"@context":"https:\/\/schema.org","@graph":[{"@type":"WebPage","@id":"https:\/\/technosylva.com\/es\/events\/prf26-foro-de-resiliencia-energetica\/","url":"https:\/\/technosylva.com\/es\/events\/prf26-foro-de-resiliencia-energetica\/","name":"PRF26 (Power Resilience Forum) - Technosylva","isPartOf":{"@id":"https:\/\/technosylva.com\/es\/#website"},"datePublished":"2025-09-20T22:00:32+00:00","dateModified":"2025-12-01T22:11:44+00:00","breadcrumb":{"@id":"https:\/\/technosylva.com\/es\/events\/prf26-foro-de-resiliencia-energetica\/#breadcrumb"},"inLanguage":"es","potentialAction":[{"@type":"ReadAction","target":["https:\/\/technosylva.com\/es\/events\/prf26-foro-de-resiliencia-energetica\/"]}]},{"@type":"BreadcrumbList","@id":"https:\/\/technosylva.com\/es\/events\/prf26-foro-de-resiliencia-energetica\/#breadcrumb","itemListElement":[{"@type":"ListItem","position":1,"name":"Home","item":"https:\/\/technosylva.com\/es\/"},{"@type":"ListItem","position":2,"name":"PRF26 (Power Resilience Forum)"}]},{"@type":"WebSite","@id":"https:\/\/technosylva.com\/es\/#website","url":"https:\/\/technosylva.com\/es\/","name":"Technosylva","description":"","publisher":{"@id":"https:\/\/technosylva.com\/es\/#organization"},"potentialAction":[{"@type":"SearchAction","target":{"@type":"EntryPoint","urlTemplate":"https:\/\/technosylva.com\/es\/?s={search_term_string}"},"query-input":{"@type":"PropertyValueSpecification","valueRequired":true,"valueName":"search_term_string"}}],"inLanguage":"es"},{"@type":"Organization","@id":"https:\/\/technosylva.com\/es\/#organization","name":"Technosylva","url":"https:\/\/technosylva.com\/es\/","logo":{"@type":"ImageObject","inLanguage":"es","@id":"https:\/\/technosylva.com\/es\/#\/schema\/logo\/image\/","url":"https:\/\/technosylva.com\/wp-content\/uploads\/2025\/08\/logo.svg","contentUrl":"https:\/\/technosylva.com\/wp-content\/uploads\/2025\/08\/logo.svg","width":1,"height":1,"caption":"Technosylva"},"image":{"@id":"https:\/\/technosylva.com\/es\/#\/schema\/logo\/image\/"},"sameAs":["https:\/\/x.com\/technosylva","https:\/\/www.linkedin.com\/company\/technosylva"]}]}},"_links":{"self":[{"href":"https:\/\/technosylva.com\/es\/wp-json\/wp\/v2\/events\/4257","targetHints":{"allow":["GET"]}}],"collection":[{"href":"https:\/\/technosylva.com\/es\/wp-json\/wp\/v2\/events"}],"about":[{"href":"https:\/\/technosylva.com\/es\/wp-json\/wp\/v2\/types\/events"}],"wp:attachment":[{"href":"https:\/\/technosylva.com\/es\/wp-json\/wp\/v2\/media?parent=4257"}],"wp:term":[{"taxonomy":"event-type","embeddable":true,"href":"https:\/\/technosylva.com\/es\/wp-json\/wp\/v2\/event-type?post=4257"}],"curies":[{"name":"wp","href":"https:\/\/api.w.org\/{rel}","templated":true}]}}

<div data-technosylva-block  class="md:max-h-[940px] overflow-hidden hero-block">
	<div class="hero grid grid-cols-1 aspect-square sm:aspect-[unset] max-w-[2000px] mx-auto">
					<img decoding="async" src="https://technosylva.com/wp-content/uploads/2025/08/events-hero-scaled.jpg" alt="" class="col-start-1 col-span-1 row-start-1 object-cover h-full w-full">
		
		<div class="container hero-content py-[80px] nav:py-[116px] col-start-1 row-start-1 col-span-1 grid items-center">
			<div class="hero-content-inner space-y-8 md:space-y-0 md:grid items-center ">
				<div class="hero-body text-white space-y-8 col-span-2 items-center text-center md:px-40">
					
					<div class="space-y-2">
													<h4 class="heading--h6 font-bold text-yellow">
								evento							</h4>
						
													<h1 class="heading--h2 text-white font-bold leading-none">PRF26</h1>
											</div>

					
									</div>

							</div>
		</div>
	</div>
</div>


<div data-technosylva-block  class="py-20 border-t border-border mt-12 additional-resources-block">
	<div class="container space-y-12">
					<h2 class="heading--h4 text-center">Recursos adicionales</h2>
		
					<div class="space-y-4 text-center">
									<div class="space-y-2 text-center">
													<a href="https://technosylva.com/es/3-claves-para-evitar-la-catastrofe-natural-del-cisne-negro-de-manana/"
								 class="text-action font-bold underline hover:text-text">
								3 claves para evitar la catástrofe natural del Cisne Negro del mañana							</a>
																	</div>
									<div class="space-y-2 text-center">
													<a href="https://technosylva.com/es/6-pilares-de-la-resistencia-a-los-incendios-forestales-potenciar-las-decisiones-de-los-servicios-publicos-en-condiciones-meteorologicas-extremas/"
								 class="text-action font-bold underline hover:text-text">
								6 pilares de la resiliencia ante incendios forestales: potenciar las decisiones de las empresas eléctricas en condiciones meteorológicas extremas							</a>
																	</div>
							</div>
			</div>
</div>


<div data-technosylva-block  class="max-w-[2000px] mx-auto prefooter-block bg-cream">
	<div class="flex flex-col items-center relative container--narrow pb-[calc(15.625rem-125px)] pt-[15.625rem] min-h-[625px] justify-center text-center">
					<div class="absolute top-0 left-[50%] -translate-x-1/2 w-[259px]">
				<img decoding="async" src="https://technosylva.com/wp-content/uploads/2025/08/TS_logo_icon.jpg" alt="Technosylva icon">
			</div>
		
		<div class="space-y-8 flex flex-col justify-center items-center h-full">
							<h2 class="heading--h2 !font-normal">Pongámonos en contacto</h2>
			
							<div class="space-y-4 max-w-prose">
					<p>¿Planeas asistir al evento? Avísanos con antelación para que podamos concertar una reunión, responder a tus preguntas y adaptar la conversación a tus objetivos. </p>
				</div>
			
							<a href="https://technosylva.com/es/ponte-en-contacto-con/" class="btn btn--primary block">Coordinemos una reunión</a>
					</div>
	</div>
</div>



<p></p>
